by 36?
10
Calculate the remainder when 897 is divided by 20.
17
Calculate the remainder when 888 is divided by 82.
68
What is the remainder when 184 is divided by 29?
10
What is the remainder when 545 is divided by 244?
57
What is the remainder when 2302 is divided by 254?
16
What is the remainder when 334 is divided by 26?
22
What is the remainder when 212 is divided by 56?
44
What is the remainder when 361 is divided by 18?
1
Calculate the remainder when 7809 is divided by 22.
21
Calculate the remainder when 10 is divided by 6.
4
What is the remainder when 1058 is divided by 218?
186
What is the remainder when 256 is divided by 97?
62
Calculate the remainder when 2663 is divided by 90.
53
What is the remainder when 57 is divided by 25?
7
Calculate the remainder when 5441 is divided by 302.
5
What is the remainder when 95 is divided by 10?
5
What is the remainder when 101 is divided by 6?
5
What is the remainder when 10 is divided by 6?
4
Calculate the remainder when 470 is divided by 145.
35
Calculate the remainder when 551 is divided by 6.
5
Calculate the remainder when 841 is divided by 25.
16
Calculate the remainder when 385 is divided by 224.
161
What is the remainder when 4289 is divided by 26?
25
Calculate the remainder when 161 is divided by 55.
51
What is the remainder when 157 is divided by 32?
29
What is the remainder when 1929 is divided by 136?
25
Calculate the remainder when 1835 is divided by 16.
11
What is the remainder when 1139 is divided by 15?
14
Calculate the remainder when 2321 is divided by 35.
11
What is the remainder when 347 is divided by 118?
111
What is the remainder when 396 is divided by 41?
27
Calculate the remainder when 53 is divided by 6.
5
Calculate the remainder when 6016 is divided by 11.
10
Calculate the remainder when 285 is divided by 145.
140
What is the remainder when 4247 is divided by 303?
5
Calculate the remainder when 175 is divided by 32.
15
Calculate the remainder when 351 is divided by 17.
11
What is the remainder when 622 is divided by 290?
42
What is the remainder when 137 is divided by 42?
11
What is the remainder when 142 is divided by 14?
2
What is the remainder when 474 is divided by 19?
18
Calculate the remainder when 52 is divided by 43.
9
Calculate the remainder when 3273 is divided by 126.
123
Calculate the remainder when 519 is divided by 53.
42
Calculate the remainder when 68389 is divided by 70.
69
What is the remainder when 194 is divided by 104?
90
What is the remainder when 737 is divided by 148?
145
Calculate the remainder when 64 is divided by 11.
9
What is the remainder when 74 is divided by 30?
14
What is the remainder when 5157 is divided by 129?
126
Calculate the remainder when 275 is divided by 267.
8
What is the remainder when 388 is divided by 23?
20
What is the remainder when 1968 is divided by 17?
13
What is the remainder when 150 is divided by 51?
48
Calculate the remainder when 229 is divided by 98.
33
What is the remainder when 660 is divided by 51?
48
Calculate the remainder when 163 is divided by 8.
3
What is the remainder when 523 is divided by 75?
73
What is the remainder when 319 is divided by 8?
7
What is the remainder when 3092 is divided by 17?
15
What is the remainder when 848 is divided by 45?
38
What is the remainder when 236 is divided by 101?
34
Calculate the remainder when 224 is divided by 57.
53
What is the remainder when 289 is divided by 138?
13
Calculate the remainder when 1108 is divided by 80.
68
Calculate the remainder when 5973 is divided by 2986.
1
What is the remainder when 51 is divided by 18?
15
What is the remainder when 124 is divided by 30?
4
What is the remainder when 9035 is divided by 18?
17
What is the remainder when 94 is divided by 25?
19
What is the remainder when 1065 is divided by 179?
170
Calculate the remainder when 157 is divided by 4.
1
Calculate the remainder when 1484 is divided by 45.
44
What is the remainder when 85 is divided by 39?
7
Calculate the remainder when 486 is divided by 90.
36
Calculate the remainder when 2758 is divided by 30.
28
Calculate the remainder when 86 is divided by 47.
39
What is the remainder when 335 is divided by 39?
23
Calculate the remainder when 235 is divided by 121.
114
What is the remainder when 111 is divided by 24?
15
Calculate the remainder when 93 is divided by 19.
17
What is the remainder when 52 is divided by 25?
2
Calculate the remainder when 194 is divided by 45.
14
Calculate the remainder when 47 is divided by 17.
13
What is the remainder when 1196 is divided by 204?
176
What is the remainder when 217 is divided by 115?
102
Calculate the remainder when 196 is divided by 40.
36
Calculate the remainder when 396 is divided by 45.
36
What is the remainder when 656 is divided by 222?
212
Calculate the remainder when 95 is divided by 14.
11
What is the remainder when 1082 is divided by 20?
2
What is the remainder when 8695 is divided by 8?
7
Calculate the remainder when 8960 is divided by 2985.
5
Calculate the remainder when 67 is divided by 12.
7
Calculate the remainder when 372 is divided by 13.
8
What is the remainder when 453 is divided by 53?
29
What is the remainder when 32 is divided by 9?
5
Calculate the remainder when 284 is divided by 91.
11
Calculate the remainder when 187 is divided by 25.
12
What is the remainder when 951 is divided by 26?
15
What is the remainder when 429 is divided by 172?
85
What is the remainder when 213 is divided by 58?
39
Calculate the remainder when 288 is divided by 99.
90
What is the remainder when 666 is divided by 270?
126
Calculate the remainder when 225 is divided by 27.
9
What is the remainder when 88 is divided by 45?
43
Calculate the remainder when 2819 is divided by 94.
93
Calculate the remainder when 2704 is divided by 892.
28
Calculate the remainder when 18 is divided by 10.
8
Calculate the remainder when 1278 is divided by 1235.
43
What is the remainder when 123 is divided by 25?
23
What is the remainder when 617 is divided by 197?
26
What is the remainder when 891 is divided by 186?
147
What is the remainder when 794 is divided by 171?
110
Calculate the remainder when 221 is divided by 75.
71
What is the remainder when 102 is divided by 78?
24
Calculate the remainder when 2857 is divided by 13.
10
What is the remainder when 3297 is divided by 13?
8
What is the remainder when 382 is divided by 43?
38
What is the remainder when 429 is divided by 23?
15
What is the remainder when 831 is divided by 229?
144
Calculate the remainder when 433 is divided by 23.
19
What is the remainder when 14249 is divided by 14?
11
Calculate the remainder when 385 is divided by 93.
13
Calculate the remainder when 241 is divided by 112.
17
What is the remainder when 2072 is divided by 17?
15
Calculate the remainder when 59 is divided by 10.
9
Calculate the remainder when 1018 is divided by 457.
104
What is the remainder when 499 is divided by 50?
49
What is the remainder when 106 is divided by 18?
16
Calculate the remainder when 18 is divided by 10.
8
Calculate the remainder when 367 is divided by 123.
121
What is the remainder when 141 is divided by 11?
9
Calculate the remainder when 28 is divided by 18.
10
Calculate the remainder when 243 is divided by 62.
57
Calculate the remainder when 92 is divided by 12.
8
Calculate the remainder when 107 is divided by 101.
6
What is the remainder when 205 is divided by 55?
40
Calculate the remainder when 74 is divided by 38.
36
Calculate the remainder when 233 is divided by 79.
75
What is the remainder when 122 is divided by 18?
14
What is the remainder when 321 is divided by 32?
1
What is the remainder when 456 is divided by 451?
5
Calculate the remainder when 536 is divided by 50.
36
What is the remainder when 122 is divided by 2?
0
What is the remainder when 129 is divided by 65?
64
What is the remainder when 51 is divided by 48?
3
Calculate the remainder when 830 is divided by 235.
125
What is the remainder when 768 is divided by 139?
73
Calculate the remainder when 190 is divided by 70.
50
What is the remainder when 119 is divided by 14?
7
Calculate the remainder when 1383 is divided by 33.
30
What is the remainder when 408 is divided by 138?
132
Calculate the remainder when 367 is divided by 363.
4
What is